- 26*g - 49. What is l(15)?
11
Let m(z) = 26*z + 313. What is m(-12)?
1
Let d(g) = -17*g - 441. Give d(-26).
1
Let h(f) = -f**2 + 12*f - 2. What is h(8)?
30
Let r(q) = -q**2 + 6*q + 17. Give r(6).
17
Let p(w) = 3*w**2 + 14*w - 6. Give p(-6).
18
Let c(i) = 35*i**2 - 2*i - 1. Calculate c(-1).
36
Let d(q) = q**3 + 11. Calculate d(0).
11
Let o(p) = 2*p**3 - 12*p**2 + 8*p + 6. Calculate o(5).
-4
Let d(c) = c**3 - 3*c**2 - 2*c - 1. Determine d(4).
7
Let l(t) = -2*t**2 - 20*t + 51. What is l(-13)?
-27
Let i(b) = -b**3 + 8*b**2 + 88*b + 15. Give i(-6).
-9
Let x(a) = -52*a + 154. Give x(3).
-2
Let b(k) = -k**3 + 5*k**2 - 6*k + 13. Calculate b(5).
-17
Let h(o) = 15*o + 169. Calculate h(-10).
19
Let v(m) = m**3 + 11*m**2 + 8*m + 9. Calculate v(-10).
29
Let o(u) = -2*u + 23. Give o(16).
-9
Let k(w) = 10*w**3 - 2*w**2 - 2*w. Determine k(-1).
-10
Let t(h) = -h**2 - 24*h - 126. What is t(-7)?
-7
Let b(s) = -s**3 - 2*s**2 + 6*s - 7. What is b(-4)?
1
Let a(h) = -3*h**3 + 4*h**2 - 5*h + 1. What is a(1)?
-3
Let p(r) = r**3 + 39*r**2 - 36*r + 155. Give p(-40).
-5
Let t(k) = 2*k + 28. Give t(-12).
4
Let j(x) = x**2 - 4. Give j(4).
12
Let u(w) = 10*w - 4. Give u(-1).
-14
Let x(o) = -o**2 - 17*o - 62. What is x(-7)?
8
Let i(c) = c**3 - 8*c**2 + 14*c - 2. Determine i(5).
-7
Let z(q) = -q**3 - 4*q - 6. Calculate z(0).
-6
Let r(i) = i**2 - 7*i + 7. Determine r(8).
15
Let k(o) = -o**3 - 5*o**2 - 5*o - 4. Give k(-3).
-7
Let h(b) = -b**2 - 3*b + 22. Calculate h(4).
-6
Let j(i) = -i. What is j(-4)?
4
Let z(c) = -c**3 + 5*c**2 - 6*c + 3. Calculate z(4).
-5
Let i(u) = 2*u. What is i(7)?
14
Let s(j) = j**2 + 14*j - 44. What is s(-17)?
7
Let y(c) = 20*c + 42. Give y(-4).
-38
Let l(r) = 2*r**2 - 13*r. Determine l(6).
-6
Let i(l) = -12*l - 24. Determine i(10).
-144
Let d(b) = 3*b**3 + 10*b**2 - 2*b - 5. Give d(-4).
-29
Let c(b) = 2*b**2 + 4*b + 6. What is c(-4)?
22
Let v(o) = -o**2 - 4*o + 6. What is v(-4)?
6
Let s(v) = -2*v**3 - v**2 - 2*v - 2. Calculate s(-2).
14
Let w(b) = -3*b**3 - 5*b**2 + 2*b + 9. Determine w(-4).
113
Let y(c) = c + 8. Calculate y(-10).
-2
Let g(c) = -c**3 + c**2 + c - 38. Determine g(0).
-38
Let i(a) = a**3 + 11*a**2 - 14*a + 11. Determine i(-12).
35
Let x(g) = -g**3 + 41*g**2 - 81*g + 115. Give x(39).
-2
Let x(c) = -c**2 - 12*c + 5. What is x(-13)?
-8
Let t(k) = k**2 - 2*k + 1. Determine t(-3).
16
Let v(o) = 4*o - 5. Give v(-2).
-13
Let h(b) = b**3 + 7*b**2 + 3*b + 4. What is h(-6)?
22
Let b(p) = -2*p - 20. Calculate b(-15).
10
Let h(v) = v**2 - 10*v + 7. Give h(8).
-9
Let g(q) = q**3 - 3*q**2 - 10*q + 7. Give g(4).
-17
Let o(m) = m**2 - 7*m - 54. Calculate o(12).
6
Let t(y) = -y + 1. Determine t(-12).
13
Let k(w) = w**3 + 3*w**2 - w + 2. Determine k(-4).
-10
Let n(a) = a**2 + 14*a + 8. What is n(-13)?
-5
Let a(c) = c**3 - 7*c**2 + c - 4. Calculate a(5).
-49
Let z(l) = -l**2 + 4*l - 16. Determine z(8).
-48
Let k(p) = 2*p**2 + 12*p - 2. Calculate k(5).
108
Let w(h) = h**3 - 7*h**2 + 9*h - 9. Give w(6).
9
Let g(x) = x**3 + 13*x**2 + 19*x - 34. Calculate g(-11).
-1
Let h(j) = 33*j - 37. What is h(-5)?
-202
Let c(u) = 4*u + 2. What is c(5)?
22
Let t(y) = 18*y**2 - 34*y. Give t(2).
4
Let i(o) = o**3 - 12*o**2 + 9*o + 4. Give i(11).
-18
Let b(u) = u**3 + 20*u**2 + 65*u + 11. Determine b(-16).
-5
Let c(f) = -f**3 + 3*f**2 + 16*f - 5. Determine c(7).
-89
Let b(w) = -w + 3. Give b(0).
3
Let z(i) = i**2 - 23*i + 9. What is z(10)?
-121
Let g(a) = -a**2 + 15*a + 9. Calculate g(15).
9
Let x(a) = -a**2 - 1. Give x(-8).
-65
Let v(h) = -2*h**2 + 12*h - 2. Give v(8).
-34
Let a(k) = 4*k**2 - 3*k - 8. Determine a(-2).
14
Let q(f) = f**3 + 33*f**2 + 63*f + 35. Give q(-31).
4
Let i(p) = p**3 - 7*p**2 - 5*p - 3. What is i(9)?
114
Let j(g) = g**3 + 4*g + 2. Give j(-3).
-37
Let h(r) = -r**3 + 3*r**2 + 7*r + 5. What is h(-3)?
38
Let k(a) = -a - 9. Calculate k(3).
-12
Let p(a) = 2*a + 3. Give p(2).
7
Let k(c) = 3*c**2 - 21*c - 19. What is k(-1)?
5
Let m(i) = -2*i**2 + 191*i - 100. Calculate m(95).
-5
Let n(x) = 45*x + 311. Give n(-7).
-4
Let q(g) = g + 29. Calculate q(-3).
26
Let r(u) = 3*u - 5. Calculate r(-1).
-8
Let g(x) = x**2 + 4*x - 2. Determine g(-3).
-5
Let z(r) = -r**3 - 7*r**2 + 5*r - 13. Give z(-8).
11
Let o(x) = -24*x + 177. Calculate o(6).
33
Let w(c) = c - 3. Give w(-8).
-11
Let z(n) = 3*n**2 - 8*n - 2. Calculate z(4).
14
Let z(c) = -2*c + 1. Give z(-5).
11
Let x(u) = u**2 + 6*u + 7. Determine x(-6).
7
Let s(k) = 2*k**3 - k**2 - 2*k. Give s(-2).
-16
Let x(q) = -q**3 - 2*q**2 - 2. What is x(0)?
-2
Let g(o) = -o**3 - 11*o**2 - 8*o + 10. Give g(-10).
-10
Let f(u) = -2*u**2 - 38*u + 34. What is f(-20)?
-6
Let g(p) = -p - 10. Determine g(-3).
-7
Let h(z) = -10*z + 64. Give h(7).
-6
Let k(r) = -r**2 - 26*r - 25. Determine k(-20).
95
Let q(r) = -3*r**2 - 10*r + 13. Calculate q(-4).
5
Let x(f) = f - 14. Calculate x(6).
-8
Let r(m) = -2*m**3 - 9*m**2 - 8*m - 4. Give r(-3).
-7
Let j(o) = 12*o + 96. Calculate j(-11).
-36
Let t(v) = -5*v - 28. Calculate t(-5).
-3
Let i(c) = c**2 + 7*c - 20. What is i(-13)?
58
Let l(t) = t**2 + 28*t + 186. What is l(-10)?
6
Let x(u) = u**3 + 9*u**2 - 10*u - 9. Determine x(-9).
81
Let s(d) = -d + 20. Determine s(16).
4
Let w(n) = n**3 - 2*n**2 + 6*n - 13. What is w(3)?
14
Let f(q) = -q**2 + 5*q + 27. Determine f(9).
-9
Let b(h) = -4*h + 133. Determine b(17).
65
Let v(g) = 13*g + 3. Determine v(-1).
-10
Let q(b) = -7*b**2 + 19*b - 65. Determine q(3).
-71
Let u(x) = -2*x - 23. What is u(-9)?
-5
Let m(q) = 7*q**2 + 4*q - 4. Determine m(1).
7
Let p(f) = 4*f**2 - 7*f + 1. Give p(7).
148
Let n(v) = -3*v**3 + 29*v**2 - 42*v + 19. Determine n(8).
3
Let w(i) = -i**3 - 9*i**2 + 9*i - 8. Give w(-9).
-89
Let l(a) = -a**2 + 8*a - 10. Give l(7).
-3
Let o(b) = -3*b**2 - 37*b + 19. Give o(-12).
31
Let m(l) = -59*l**2 - 6*l - 6. What is m(-1)?
-59
Let u(w) = -w**2 + 3*w - 7. Determine u(8).
-47
Let i(b) = -b**3 + 8*b**2 - 13*b + 47. What is i(7)?
5
Let f(w) = 13*w - 18. Give f(6).
60
Let z(u) = -u**2 - 10*u. Determine z(-8).
16
Let r(y) = y**2 - 18*y + 81. Give r(8).
1
Let a(c) = -c**3 - 8*c**2 + 19*c. What is a(-10)?
10
Let q(b) = 44*b + 2. What is q(0)?
2
Let f(c) = -26*c**2 + 1. Calculate f(1).
-25
Let u(t) = 20*t + 1. Calculate u(1).
21
Let i(l) = -11*l + 54. Calculate i(4).
10
Let s(h) = -h**3 + 24*h**2 + 2*h - 45. Determine s(24).
3
Let d(i) = 4*i**2 - 21*i + 1. What is d(6)?
19
Let i(w) = 5*w + 10. Determine i(-3).
-5
Let n(i) = -12*i - 180. Give n(-14).
-12
Let l(t) = t**2 - 11*t - 1. What is l(7)?
-29
Let a(c) = -c**3 + c**2 + 2*c - 1. Calculate a(2).
-1
Let c(b) = -3*b**3 - 16*b**2 - 14*b - 1. Calculate c(-4).
-9
Let z(g) = -5*g**2 - 4*g - 8. Calculate z(3).
-65
Let s(x) = x**2 + 16*x + 24. What is s(-14)?
-4
Let b(t) = t**3 + 58*t**2 + 166*t + 53. Give b(-55).
-2
Let l(c) = -c**3 - 38*c**2 - 138*c - 62. What is l(-34)?
6
Let w(n) = n**3 + 6*n**2 - 16*n - 8. Calculate w(-8).
-8
Let y(c) = c**3 + 5*c**2 - 3*c + 7. Give y(-5).
22
Let b(y) = -y**3 + 7*y**2 - 2*y + 4. Calculate b(7).
-10
Let s(q) = q - 5. Give s(-7).
-12
Let z(m) = m - 12. Determine z(7).
-5
Let f(b) = -b**3 + 23*b**2 - 2*b + 34. Determine f(23).
-12
Let b(p) = -8*p**3 + 5*p - 4. Calculate b(1).
-7
Let w(m) = m**3 + 7*m**2 - 6*m - 10. What is w(-7)?
32
Let s(h) = -7*h**3 - h**2 + 4*h + 2. Give s(-2).
46
Let q(v) = -v**2 - 3*v. Calculate q(-7).
-28
Let v(s) = -s**3 + 13*s**2 - 14*s + 26. Determine v(12).
2
Let i(b) = -b**3 - 7*b**2 - 10*b + 5. Calculate i(-4).
-3
Let r(t) = -3*t - 18. Calculate r(-5).
-3
Let l(i) = 4*i + 50. What is l(-6)?
26
Let s(k) = -k**2 + 11*k - 11. Give s(9).
7
Let u(l) = -2*l**2 - 17*l - 13. What is u(-7)?
8
Let a(l) = -12*l + 17. Give a(-3).
53
Let q(s) = -s - 4. Give q(19).
-23
Let w(q) = 10*q - 33. Determine w(4).
7
Let b(t) = t**3 + 6*t**2 + 3. What is b(-6)?
3
Let o(i) = 9*i. Give o(1).
9
Let q(t) = t**2 - 16*t - 3. Calculate q(16).
-3
Let v(m) = 2*m**3 - 3*m**2 + 5*m + 10. Calculate v(-3).
-86
Let z(w) = -9*w + 5. Determine z(4).
-31
Let t(u) = 2*u**3 + 29*u**2 + 16*u + 12. What is t(-14)?
-16
Let s(n) = -n**3 - 8*n**2 - 4*n + 6. What is s(-1)?
3
Let v(x) = x**3 + 43*x**2 + 83*x + 37. Determine v(-41).
-4
Let g(v) = -205*v + 1229. Determine g(6).
-1
Let m(k) = k**2 - 4*k + 5. Determine m(2).
1
Let w(m) = 14*m - 1. Calculate w(-1).
-15
Let u(x) = x**3 - x**